2) to base 4.
-1010323121
Convert 1aaab0 (base 15) to base 14.
25c5b0
Convert 6e877 (base 15) to base 4.
1112022100
Convert -331818 (base 11) to base 10.
-529394
What is -30400401 (base 5) in base 4?
-330103000
-103222030 (base 4) to base 6
-1420444
166756 (base 9) to base 7
610323
-164644 (base 7) to base 14
-bdcb
-1022102112202 (base 3) to base 13
-1b5522
Convert -224554 (base 9) to base 4.
-200312332
What is 20636 (base 14) in base 6?
1401212
What is 14446 (base 9) in base 14?
3831
What is -1b7558 (base 13) in base 4?
-2223111001
What is 2154420 (base 7) in base 12?
109910
What is -22432 (base 8) in base 7?
-36456
What is 697106 (base 15) in base 9?
10424646
-1221212002221 (base 3) to base 6
-34144254
What is 6e7ce (base 16) in base 11?
28a017
What is -23231414 (base 5) in base 13?
-75350
What is -1829d88 (base 15) in base 11?
-9a31406
-1769a01 (base 12) to base 2
-10010100100110001100001
What is -100100101111100110001 (base 2) in base 16?
-125f31
What is 43343033 (base 5) in base 9?
625716
Convert -110111000011110001 (base 2) to base 15.
-46c4b
What is -330a42 (base 12) in base 5?
-201411234
What is -22331320 (base 4) in base 6?
-543544
Convert -1b943 (base 16) to base 8.
-334503
27454 (base 10) to base 9
41584
What is 5dd985 (base 14) in base 12?
10b6b41
Convert -20022000 (base 5) to base 11.
-a857a
Convert 32120302 (base 5) to base 8.
1017375
-1167251 (base 8) to base 16
-4eea9
What is -2907a0 (base 11) in base 6?
-13425404
What is -403190 (base 14) in base 7?
-24233640
a204c (base 15) to base 3
222001210200
Convert 1f19cb (base 16) to base 9.
3745817
111110110100011001011 (base 2) to base 6
112041455
-715013 (base 16) to base 2
-11100010101000000010011
What is -23101076 (base 9) in base 12?
-3911150
-26573161 (base 8) to base 5
-3011230304
Convert -111001101111101111110 (base 2) to base 8.
-7157576
What is 3142592 (base 10) in base 14?
5bb38c
-3672a5 (base 11) to base 5
-122040143
What is 11332222 (base 5) in base 15?
2130c
Convert -aa0148 (base 13) to base 2.
-1111010000010000110001
What is -1c5628 (base 13) in base 12?
-2b020a
-1656546 (base 8) to base 15
-98027
What is -11111101100010110100100 (base 2) in base 4?
-133230112210
What is 156b57 (base 12) in base 2?
1011000111111110011
Convert 39375 (base 16) to base 13.
82896
Convert -c1a526 (base 13) to base 8.
-21142454
1643a (base 14) to base 12
282b0
1100111100 (base 4) to base 3
121201100200
What is 1e39e (base 16) in base 10?
123806
What is -167140 (base 8) in base 4?
-32321200
1a59a15 (base 11) to base 10
3468481
Convert -30232223002 (base 4) to base 11.
-197a074
Convert -212110120220010 (base 3) to base 6.
-1123143433
Convert 110102211211 (base 3) to base 9.
412754
549131 (base 12) to base 7
14261656
What is -22010452 (base 6) in base 15?
-cde8b
Convert -5c7583 (base 14) to base 9.
-5861883
Convert 102330231302 (base 4) to base 16.
4bcb72
-625f0 (base 16) to base 12
-175214
What is 170811 (base 9) in base 11?
72401
Convert 435839 (base 10) to base 12.
19027b
Convert -1138466 (base 9) to base 15.
-c2979
What is fab947 (base 16) in base 3?
1010220210200112
-101111110000000011 (base 2) to base 8
-576003
What is -10033044100 (base 5) in base 14?
-1498700
What is 444434021 (base 5) in base 12?
7a1a2a
What is -2220222122112 (base 3) in base 6?
-53153405
5af62 (base 16) to base 8
1327542
-277a8b (base 15) to base 11
-1087933
62724 (base 16) to base 15
7e726
Convert -10011100100001000 (base 2) to base 13.
-2a624
Convert -1011212110121 (base 3) to base 8.
-2311120
965631 (base 10) to base 4
3223233333
110011010010100101101 (base 2) to base 12
690751
What is 3946bb (base 13) in base 11?
86352a
Convert 1a8a6a (base 15) to base 4.
10330021333
-3cefc (base 16) to base 14
-66d64
-31f82 (base 16) to base 6
-4215322
What is -3220311 (base 4) in base 11?
-10217
What is -517379 (base 15) in base 9?
-7251236
-405213 (base 7) to base 13
-25578
What is -243545 (base 7) in base 16?
-aded
-16256251 (base 7) to base 12
-640914
10011100001001111 (base 2) to base 12
3a327
Convert -113003023333 (base 4) to base 13.
-1337386
What is -673595 (base 11) in base 14?
-1dd303
-225140110 (base 6) to base 3
-21211121211120
Convert -130002213 (base 4) to base 9.
-184486
-101122123120 (base 4) to base 2
-10001011010011011011000
Convert -211220220022 (base 3) to base 2.
-1101110001001101010
3039b (base 16) to base 12
9638b
What is 1650351 (base 8) in base 9?
810628
What is -1011101010111000010 (base 2) in base 13?
-105097
What is -4736214 (base 9) in base 8?
-11616413
What is 122012012222200 (base 3) in base 16?
8b6c7d
-12182385 (base 9) to base 6
-331420422
Convert 1020101201 (base 3) to base 4.
11330122
-15731a6 (base 11) to base 2
-1010001111001010001101
33600 (base 16) to base 10
210432
What is 124021 (base 11) in base 6?
4105532
What is -2310a03 (base 12) in base 4?
-121231222203
-455223215 (base 6) to base 13
-1970b52
23225568 (base 9) to base 5
10342424333
Convert -1780837 (base 10) to base 2.
-110110010110001100101
Convert -1202101002202 (base 3) to base 15.
-136445
What is -1120123310 (base 4) in base 13?
-c8b49
What is -87789 (base 13) in base 12?
-b9a63
What is -113324 (base 5) in base 6?
-31302
-43156 (base 11) to base 7
-350625
-1021210001002 (base 3) to base 16
-a7210
2124545 (base 6) to base 2
11001100100110001
Convert 254914 (base 10) to base 11.
164580
eedb (base 16) to base 6
1151031
What is 9562a3 (base 12) in base 9?
4377006
Convert -234014 (base 11) to base 3.
-200212102020
What is -7318 (base 15) in base 8?
-57403
What is -211022202020 (base 3) in base 9?
-738666
Convert 10343045 (base 6) to base 11.
1a1283
Convert 42113 (base 8) to base 4.
10101023
Convert -11042140 (base 7) to base 4.
-3220110013
Convert 27203 (base 9) to base 15.
56b0
Convert -1110101010111 (base 2) to base 3.
-101022012
What is -10111100101111100011 (base 2) in base 12?
-313483
1163407 (base 8) to base 11
1aa42a
What is 773340 (base 10) in base 15?
104210
-530214 (base 12) to base 11
-8127a4
Convert 245728 (base 10) to base 2.
111011111111100000
What is -21433633 (base 9) in base 5?
-10122342321
Convert 43b288 (base 12) to base 9.
2021245
What is 2332320221 (base 5) in base 13?
1156209
What is 101001111111001101000 (base 2) in base 5?
323011343
101000101011000101 (base 2) to base 3
22110112021
101000110000111100100100 (base 2) to base 5
10213424434
Convert 32d0 (base 14) to base 4.
2021212
Convert -1033404300 (base 5) to base 14.
-427082
What is -41131432 (base 5) in base 14?
-896bd
1b365 (base 15) to base 11
60563
45433 (base 14) to base 13
5b746
Convert -11120101111 (base 4) to base 11.
-8834aa
9412a5 (base 11) to base 4
11300211033
What is 6379b (base 13) in base 10?
179268
What is 117170 (base 12) in base 13?
9b400
What is -1012100 (base 9) in base 7?
-4405002
What is 154343 (base 6) in base 11?
10509
What is -976dc0 (base 15) in base 6?
-414325213
-43834 (base 15) to base 8
-642712
Convert 4b29a4 (base 13) to base 8.
6706120
-101183 (base 12) to base 13
-8a207
Convert 32080 (base 12) to base 9.
110176
What is -1246502 (base 11) in base 14?
-403684
What is 79a59e (base 15) in base 8?
26114302
101332434 (base 7) to base 5
3010102411
Convert -14c22c9 (base 13) to base 10.
-6659610
533aa0 (base 11) to base 2
11010000100111011011
-1201222010 (base 3) to base 6
-422303
What is 1d890b (base 15) in base 13?
3b8550
What is 255561 (base 8) in base 12?
43581
What is 46cb74 (base 14) in base 7?
26354404
What is -506b81 (base 15) in base 8?
-16444311
What is 54827 (base 11) in base 9?
131072
What is -220022101112 (base 3) in base 6?
-14131152
What is -212000000120 (base 3) in base 5?
-103441344
Convert -97237 (base 11) to base 12.
-69988
What is 4040022441 (base 5) in base 6?
450103125
701a97 (base 12) to base 15
247107
What is -11000010001110100 (base 2) in base 8?
-302164
37771440 (base 9) to base 15
19602a3
Convert 35155453 (base 6) to base 2.
100001001110001011001
Convert 39464 (base 12) to base 2.
10011001001001100
What is -11203010 (base 5) in base 15?
-1eb20
What is -10111010110101001000 (base 2) in base 4?
-2322311020
What is 65803 (base 12) in base 10?
134211
Convert -179366 (base 11) to base 8.
-1032760
What is 2333303 (base 6) in base 9?
204333
Convert -22441120 (base 6) to base 11.
-431233
21959a (base 12) to base 7